1 + 3*l - 2 - 2*l**2 - l + 4*l**2. Let o be v(-3). Let w = 4 + o. Calculate the remainder when 51 is divided by w.
12
Suppose 2*z - 232 = 3*r, 10*z + 2*r - 561 = 5*z. Calculate the remainder when z is divided by 38.
37
Let t = -27 - -39. Calculate the remainder when (10 - 22) + (-3 - -45) is divided by t.
6
Suppose -3*w + 0 = -5*v + 31, 3*v - 15 = 3*w. Suppose 0 = -2*k + 3 + 1. Suppose 6*f = k*f + 120. What is the remainder when f is divided by v?
6
Let u = 68 + -21. Let j = 0 - -8. Let d(y) = y**2 - 7*y + 4. What is the remainder when u is divided by d(j)?
11
Let a = 1044 - 954. Calculate the remainder when 180 is divided by a.
0
Suppose 4*m - m - 525 = 0. Suppose -2*k - 3*k = -m. Suppose -v + 4*v + 11*v - 126 = 0. What is the remainder when k is divided by v?
8
Let t = -2 - -20. Let l = -8 + 12. Suppose -p - c + 15 = 0, l*c + 30 = -p + 6*p. What is the remainder when t is divided by p?
8
Let m = -73 - -135. Let t = -38 + m. What is the remainder when 92 is divided by t?
20
Suppose -2*a + 151 = q, -a - 14 = -q - 85. What is the remainder when a is divided by 10?
4
Let c be 14/(-6) - (-10)/(-15). Let z = c + 9. What is the remainder when 22 is divided by z?
4
Let a(z) = -2*z**3 - 5*z**2 + 23*z - 23. What is the remainder when a(-8) is divided by 10?
7
Suppose -25*f + 40 = -24*f. Suppose 4*d - 6*d - f = -3*o, 2*d = o - 16. What is the remainder when 20 is divided by o?
8
Let u(m) = -5*m + 1. Let k(w) = -11*w + 1. Let g(z) = 6*k(z) - 11*u(z). What is the remainder when 17 is divided by g(-1)?
5
Let g(l) = -4*l + 49. Let w(p) = p**3 - 7*p**2 + 6*p + 4. Let b be 7 + (0 - -2 - 3). Calculate the remainder when g(9) is divided by w(b).
1
Let h(k) = 102*k**3 - 2*k**2 - k. Let c be h(-1). Let y = c - -49. Calculate the remainder when -3 + 7/((-21)/y) is divided by 4.
3
Suppose 3*f - 24 = -2*g, 0 = -5*f + 3*g - 0*g + 21. What is the remainder when f is divided by 4?
2
Calculate the remainder when 170 is divided by 6/(-39) + (-3126)/(-39).
10
Let o(i) = -24*i - 15. What is the remainder when 282 is divided by o(-3)?
54
Suppose 1023*r + 22 = 1034*r. Calculate the remainder when 133 is divided by r.
1
Suppose -10*t - 107 = -277. What is the remainder when 1393 is divided by t?
16
Let f be (6/(-4))/1*2. Let b = -1233 + 678. Calculate the remainder when ((-2)/f)/((-10)/b) is divided by 13.
11
Let z(m) = 2*m**2 + 6*m + 4. Let l(x) = -x**2 + 10*x + 18. What is the remainder when l(10) is divided by z(-3)?
2
Let z = 159 + -88. Calculate the remainder when z is divided by ((-5)/10 + 74/4)*1.
17
What is the remainder when 84 is divided by 162/378 - 312/(-7)?
39
What is the remainder when 106/((3/(-1))/(78/(-52))) is divided by 23?
7
Let d(v) = 11*v + 127. Calculate the remainder when d(-9) is divided by 14.
0
Suppose 0 = d - t - 3*t + 2, 0 = 2*d + t - 41. Suppose 0*g = g - 4*s + 6, s = -g + 9. Calculate the remainder when d/(-4)*10/(-3) is divided by g.
3
Let k be 14 + -7 - -1*3. What is the remainder when (-3 - (-24 + -2)) + -2 is divided by 52/k - 4/(-5)?
3
What is the remainder when 1572 is divided by (273/52)/(24/160)?
32
Suppose -4*h + 72 = -5*m + 10, 0 = -4*h + m + 54. What is the remainder when 1322/26 - (37/h + -3) is divided by 26?
25
Suppose -5*z - 3*o - 23 + 283 = 0, 5*z - 255 = -2*o. What is the remainder when 261 is divided by z?
16
Suppose -5*b - 20 = -10*b. Suppose 0 = -3*g + b - 22. Let q = g - -21. Calculate the remainder when 44 is divided by q.
14
Let n = 2941 + -1422. What is the remainder when n is divided by 19?
18
Suppose j = 96 - 83. Suppose -83 = -j*q + 99. Calculate the remainder when 67 is divided by q.
11
Calculate the remainder when 38 is divided by ((-20)/(-3))/(11/33).
18
Suppose 7*h - 352 + 16 = 0. What is the remainder when h is divided by 26?
22
Let i be (-72)/20*15/(-2). Let d = -19 + i. What is the remainder when 21 is divided by d?
5
Calculate the remainder when 4 is divided by 1/1 + 7 + -6.
0
Let q = 12 + -12. Let h = 3 + q. Calculate the remainder when 29 is divided by -18*(-4 + 11/h).
5
Suppose 14*p = -p + 180. Calculate the remainder when 30 is divided by p.
6
Let h(a) = a + 26. Let k = -74 - -60. Calculate the remainder when 4/(-6)*-11*3 is divided by h(k).
10
Let z(u) = 6 - 7*u + 3*u - u + 4*u. Calculate the remainder when 4/5 - (-408)/40 is divided by z(3).
2
Suppose 0 = -0*b - 2*b - m + 3, 0 = 2*b - 2*m - 6. Suppose -5*o + 142 = -0*o + b*k, -5*o + k + 139 = 0. What is the remainder when o is divided by 5?
3
Let f(j) = -j**3 + 8*j**2 + 2. Let c = -3 - -20. What is the remainder when f(4) is divided by c?
15
Suppose 11*g - 4*g = 140. Calculate the remainder when 76 is divided by g.
16
Let g(u) = u**3 + 19*u**2 - u + 37. Calculate the remainder when 219 is divided by g(-19).
51
Let r(s) = 47*s + 42 - 23*s - 25*s. What is the remainder when r(0) is divided by 9?
6
Suppose -126*p + 875 + 133 = 0. Let a(f) = f**2 - f + 28. What is the remainder when a(0) is divided by p?
4
Let z = -19 + 44. Let p(u) = 37*u**2 + 2*u + 4. What is the remainder when p(-2) is divided by z?
23
Suppose 0 = 25*c - 22*c - 99. Let i(z) = -z + 102. Calculate the remainder when i(38) is divided by c.
31
Let k(p) = 2*p**2 + 18*p + 8. Let m be k(-8). Let n be 2/5 - m/5. Suppose -n*h + 33 = h. What is the remainder when 64 is divided by h?
9
Let z(h) = h**2 - 9*h + 23. Calculate the remainder when 97 is divided by z(8).
7
Calculate the remainder when 65 is divided by 2/(-10) - 0 - (-8326)/230.
29
Suppose -4*s + 5 = 101. Let q = s + 32. What is the remainder when (-52 - 0)/((-16)/q) is divided by 7?
5
What is the remainder when 666/(-12)*(-70)/15 is divided by 20?
19
Let o = -441 + 545. Let z(p) = -4*p - 5. What is the remainder when o is divided by z(-8)?
23
Let o be 147/(-42)*(-34)/(-1). Let y = 207 + o. Calculate the remainder when y is divided by 23.
19
Let c(q) = 2*q**3 + 79*q**2 - 125*q - 47. Calculate the remainder when c(-41) is divided by 2.
1
Let r = -128 + 209. Let l = 12 + r. Let t = -62 + l. Calculate the remainder when t is divided by 8.
7
Let v(g) = -g**3 + g**2 - g - 2. Let w be v(-2). Suppose -5*u - 3*k = -36, 0 = 3*u + 3*k - 12 - w. Calculate the remainder when 9 is divided by u.
3
Let s(o) = -43*o - 1100. What is the remainder when s(-28) is divided by 11?
5
Let p(d) = 2*d - 10. Let r be p(-7). Let q = r - -47. Let n = 159 + -146. Calculate the remainder when q is divided by n.
10
Let q be (-1 + (-2 - -2))*0. Suppose -14 = -4*f - q*f - 2*k, 0 = f + k - 5. Suppose u + f*u = 243. Calculate the remainder when u is divided by 28.
25
Suppose 20*c - 264 = 14*c. What is the remainder when 77 is divided by c?
33
Suppose 3*b = -2*b - 20. Suppose 0*y + 3*y = -99. What is the remainder when b*2/(12/y) is divided by 6?
4
Let l = -1100 - -1402. Calculate the remainder when l is divided by 34.
30
Suppose -3 = 7*d - 199. What is the remainder when 45 is divided by d?
17
Let y be ((1 - 1) + 0)/2. Suppose 0*p - 3*p + 42 = y. Let g = p - 9. What is the remainder when 9 is divided by g?
4
Suppose 4*p + p + 265 = 5*w, 3*w - 4*p = 157. What is the remainder when 327 is divided by w?
52
Let m be 7/56 + 545/(-8). Let q = m + 98. What is the remainder when q is divided by 11?
8
Let s(v) = v**3 - 4*v**2 - 7*v + 5. Let d be s(5). Let q(c) = c**2 + 5. Let b = 26 + -10. What is the remainder when q(d) is divided by b?
14
Suppose 6*n + 78 = 9*n. Suppose 46 = x + n. Calculate the remainder when 78 is divided by x.
18
Let u(t) = -t**2 + 12*t - 11. Let p be u(11). Suppose -4*w + 3*w + 17 = p. Calculate the remainder when 65 is divided by w.
14
Suppose 0 = -j + 4*j - 4*m - 37, -2*j + 26 = -4*m. Calculate the remainder when 21 is divided by j.
10
Calculate the remainder when -34 - -2597 - 2/1 is divided by 42.
41
Let b(r) = -4*r - 15. What is the remainder when 56 is divided by b(-11)?
27
Let v(r) = 22*r + 10. What is the remainder when 191 is divided by v(2)?
29
Let w be 2*(4/(-8) + 2/1). Suppose 2*h = -h + 375. Suppose -h = -w*i - 2*i. What is the remainder when i is divided by 13?
12
Suppose -26*o + 144 = -23*o. Suppose -o = 12*x - 13*x. Calculate the remainder when x is divided by 25.
23
Suppose m = 2*m - 412. Suppose -m = 2*w - 114. Let q = -88 - w. Calculate the remainder when q is divided by 16.
13
Let t = -1077 + 1610. Calculate the remainder when t is divid